).
-40
Let c(y) = -5*y**3 - 4351*y**2 - 5219*y - 4349. Calculate c(-869).
-4
Let g(i) = 2*i**3 + 26*i**2 + 78*i + 592. Determine g(-12).
-56
Let z(r) = r**3 + 1309*r**2 + 53216*r + 79. Calculate z(-42).
-5
Let l(f) = -3191*f - 86110. Determine l(-27).
47
Let m(h) = -2*h**3 + 2778*h**2 + 8330*h - 62. What is m(-3)?
4
Let w(n) = -5129*n - 215425. Calculate w(-42).
-7
Let w(v) = -v**3 + 73*v**2 - 162*v + 2024. Calculate w(71).
604
Let g(b) = b**2 - 18878*b - 529292. Give g(-28).
76
Let l(w) = -118210*w + 1773172. Calculate l(15).
22
Let m(k) = -9*k**2 - 211*k - 1289. Determine m(-18).
-407
Let y(q) = 3*q**2 - 322*q + 3375. What is y(90)?
-1305
Let x(t) = -2*t**3 + 43*t**2 + 6537*t + 1287. Give x(69).
45
Let c(x) = -22744*x + 181764. Determine c(8).
-188
Let r(o) = -2*o**3 - 980*o**2 - 100*o - 48995. What is r(-490)?
5
Let g(y) = -2*y**2 + 10529*y + 200764. Give g(-19).
-9
Let z(r) = r**3 + 9*r**2 + 4125*r + 37106. Determine z(-9).
-19
Let w(d) = 40*d**2 - 3026*d + 12084. Determine w(4).
620
Let z(d) = 225*d + 10440. Calculate z(-46).
90
Let b(s) = -8*s**3 - 70*s**2 - 70*s. Determine b(-1).
8
Let p(t) = 6434*t**2 + 6422*t - 1. Give p(-1).
11
Let s(t) = 3*t**2 - 516021*t + 1548045. What is s(3)?
9
Let f(s) = -2*s**2 + 238*s + 21950. What is f(-60)?
470
Let k(m) = 165*m**3 - 75*m**2 - 72*m + 2. Calculate k(-1).
-166
Let r(b) = b**2 - 3556*b + 46078. Determine r(13).
19
Let f(a) = 528*a + 23881. Calculate f(-34).
5929
Let c(q) = q**2 - 1539*q + 37890. What is c(25)?
40
Let i(b) = -3*b**2 + 471*b - 7907. What is i(16)?
-1139
Let j(k) = -7*k**3 + 562*k**2 + 9239*k - 6. Calculate j(-14).
8
Let d(i) = 40952*i + 11384672. Calculate d(-278).
16
Let b(y) = 13214*y + 13157. Determine b(-1).
-57
Let u(a) = -127587*a - 1020712. Calculate u(-8).
-16
Let w(q) = 5*q**3 + 31*q**2 + 33*q + 16. Calculate w(-5).
1
Let v(z) = 868*z + 146977. Determine v(-169).
285
Let n(y) = 22661*y - 4577512. Calculate n(202).
10
Let z(v) = v**2 - 16636*v - 366480. Give z(-22).
-4
Let k(m) = 66*m**3 + 987*m**2 - 40*m + 63. Determine k(-15).
-12
Let c(p) = 131*p**2 - 4261*p - 6473. What is c(34)?
89
Let b(t) = -t**3 - 10*t**2 - 412*t - 1929. Give b(-5).
6
Let v(r) = 7531*r**2 + 30124*r + 4. Calculate v(-4).
4
Let p(k) = 23*k**2 - 1695*k - 563. Calculate p(74).
-45
Let s(j) = 27*j**3 - 81*j**2 + 80*j - 24. What is s(1)?
2
Let q(d) = -2768921*d - 2768921. What is q(-1)?
0
Let v(i) = i**2 + 646054*i + 12920660. Give v(-20).
-20
Let o(l) = -15133*l - 2209397. Give o(-146).
21
Let i(h) = 47670*h - 143061. Give i(3).
-51
Let t(h) = 14*h - 2714. Determine t(187).
-96
Let p(d) = 113*d - 21524. Give p(191).
59
Let p(t) = -67658*t + 203145. What is p(3)?
171
Let o(h) = h**3 - 19*h**2 - 20*h + 21. What is o(21)?
483
Let q(f) = 3*f**3 + 33*f**2 - 138*f - 103. Give q(-14).
65
Let b(v) = v**3 - 37*v**2 + 2344*v - 66905. Calculate b(31).
-7
Let t(g) = -241*g**3 + g**2 + 25*g - 42. What is t(2)?
-1916
Let i(v) = -34*v**3 - 19*v**2 - 34*v + 51. Give i(1).
-36
Let j(k) = -3*k**3 + 54*k**2 + 22*k + 77. Determine j(18).
473
Let o(j) = j**3 + 41*j**2 + 117*j + 4780. Give o(-41).
-17
Let c(o) = -1615*o**3 - 4853*o**2 - 24*o - 5. Calculate c(-3).
-5
Let c(q) = -5*q**3 - 208*q**2 - 48*q - 5481. Give c(-42).
63
Let p(t) = -59*t**2 - 1252*t - 1387. Determine p(-20).
53
Let w(p) = p**2 - 123*p - 2890. Calculate w(-21).
134
Let m(x) = 5*x**3 - 159*x**2 - 186*x + 4932. Calculate m(32).
4
Let b(i) = 242*i - 8868. Give b(35).
-398
Let x(s) = 5*s**2 + 245*s + 1034. Give x(-5).
-66
Let a(h) = h**3 - 230*h**2 + 191*h + 8710. What is a(229)?
8
Let z(u) = 4*u**2 - 379*u - 28375. Determine z(144).
-7
Let t(s) = 28406*s - 369280. What is t(13)?
-2
Let t(k) = -k**3 - 94*k**2 - 1035*k + 62. Calculate t(-11).
1404
Let b(m) = -3*m**2 + 16*m + 184. Determine b(17).
-411
Let r(j) = 248*j + 75157. Determine r(-303).
13
Let r(p) = -19891*p - 1730527. Determine r(-87).
-10
Let z(q) = 3*q**2 + 303*q - 78. Determine z(-105).
1182
Let j(u) = -61*u**3 + 4*u**2 - 45*u + 38. What is j(1)?
-64
Let n(t) = -867*t - 94478. Give n(-109).
25
Let w(f) = 1073*f - 420869. What is w(392)?
-253
Let w(k) = 3981*k + 6273. Determine w(-2).
-1689
Let c(d) = -d**3 + 5*d**2 - 15*d + 160. Determine c(0).
160
Let w(a) = a**2 - 121*a + 2587. Determine w(93).
-17
Let p(s) = -s**3 + 226*s**2 - 7741*s + 6398. Determine p(41).
2
Let o(x) = -3*x**2 - 1119*x + 21085. Give o(-391).
-29
Let w(t) = 9*t**2 + 2717*t + 2711. What is w(-1)?
3
Let z(x) = 2*x**3 - 4*x**2 + 104*x + 372. Give z(-3).
-30
Let r(w) = -w**2 + 24784*w - 247705. Give r(10).
35
Let n(h) = -144*h + 1690. Determine n(8).
538
Let h(r) = -3129*r + 12527. Determine h(4).
11
Let h(s) = -2*s**2 + 600*s - 37026. Determine h(213).
36
Let s(z) = 5688*z + 438005. Determine s(-77).
29
Let a(w) = -w**3 + 133*w**2 - 275*w + 2103. Calculate a(131).
400
Let i(t) = 3001*t - 218875. What is i(73)?
198
Let d(b) = 3*b**3 + 723*b**2 - 22*b - 5206. Give d(-241).
96
Let u(z) = -39571*z - 1028840. What is u(-26)?
6
Let h(c) = -c**3 + 585*c**2 - 50*c + 29157. Determine h(585).
-93
Let y(m) = 17829*m - 89143. Give y(5).
2
Let k(o) = -o**3 - 526*o**2 + 5307*o - 2. What is k(10)?
-532
Let g(u) = -2*u**3 - 43*u**2 - 25*u - 303. Calculate g(-20).
-1003
Let t(b) = -24*b**2 - 4007*b + 16588. Determine t(-171).
1
Let v(h) = h**3 - 3*h**2 - 872*h + 6208. What is v(7)?
300
Let t(d) = 5*d**2 - 75*d + 438. Calculate t(6).
168
Let h(u) = 779*u - 66. Determine h(0).
-66
Let p(s) = -12*s**2 + 618*s - 4187. What is p(8)?
-11
Let o(z) = -14525*z + 5156388. What is o(355)?
13
Let b(p) = -186*p + 16832. Calculate b(81).
1766
Let s(t) = 452478*t - 1357440. What is s(3)?
-6
Let c(j) = j**2 - 992*j + 26994. What is c(28)?
2
Let s(l) = l**3 - 40*l**2 - 39*l - 1883. Give s(42).
7
Let f(r) = 7*r**2 - 328*r + 3686. What is f(27)?
-67
Let i(q) = 35*q**2 + 916*q + 320. Give i(-26).
164
Let v(r) = -1078*r - 46544. What is v(-44)?
888
Let t(x) = -7*x**2 - 25*x + 445. Calculate t(9).
-347
Let c(f) = -f**3 - 83*f**2 + 810*f + 78703. Calculate c(-81).
-29
Let t(a) = 4*a**3 - 60*a**2 + 62*a - 770. Calculate t(15).
160
Let m(k) = -437968*k - 7883426. What is m(-18)?
-2
Let y(p) = p**3 + 136*p**2 + 281*p - 49099. Give y(-131).
-105
Let d(g) = 3*g**2 + 182*g + 3437. What is d(-38)?
853
Let p(n) = 2662*n + 455202. Give p(-171).
0
Let b(y) = -y**3 - 162*y**2 + 51*y + 8221. Give b(-162).
-41
Let x(v) = v**3 - 30*v**2 + 156*v - 24. Calculate x(13).
-869
Let l(y) = 3*y**3 + 156*y**2 + 155*y + 79. Calculate l(-51).
-23
Let h(a) = -2*a**2 - 218*a - 5810. What is h(-64)?
-50
Let b(s) = 24726*s + 173050. Determine b(-7).
-32
Let m(i) = -i**3 + 36*i**2 - 38*i + 1690. Determine m(36).
322
Let f(u) = 284*u + 103363. Determine f(-364).
-13
Let q(f) = -2*f**2 - 565*f - 39496. Determine q(-149).
287
Let x(a) = -3*a**3 + 50*a**2 - 44*a + 340. Give x(14).
1292
Let a(t) = -12*t**2 + 32419*t + 32424. Calculate a(-1).
-7
Let h(x) = -x**3 + 40*x**2 + 3226*x - 3899. Give h(-41).
-4
Let g(u) = u**3 + 68*u**2 + 1110*u - 120. Give g(-31).
1027
Let w(z) = -3362*z - 36969. Calculate w(-11).
13
Let d(a) = 2*a**2 - 3740*a + 1509021. Give d(1281).
3
Let h(j) = -10*j**3 - 20*j**2 + 9*j + 26. What is h(5)?
-1679
Let o(r) = 14*r**2 + 292*r + 947. Determine o(-4).
3
Let g(c) = c**2 + 642*c - 6582. What is g(10)?
-62
Let p(l) = 4*l**2 + 5890*l - 11792. Calculate p(2).
4
Let o(g) = -g**2 - 13*g + 100. What is o(6)?
-14
Let k(w) = -2599*w**2 + 18207*w + 14. What is k(7)?
112
Let k(m) = -730*m**3 + 26*m**2 + 41*m - 87. What is k(2)?
-5741
Let m(a) = 4435*a - 84151. Determine m(19).
114
Let w(n) = 51*n**2 + 10888*n + 151845. What is w(-15)?
0
Let r(n) = -2*n**2 + 268*n + 666. Calculate r(136).
122
Let y(c) = c**3 - 385*c**2 + 2689*c - 234. What is y(7)?
67
Let a(q) = 4*q**3 - 85*q**2 - 41*q + 1. What is a(17)?
-5609
Let w(a) = -149*a + 2167. Determine w(12).
379
Let s(a) = -13*a**2 - 82*a + 66. Determine s(-8).
-110
Let i(d) = 50*d**3 - 651*d**2 + 39*d - 344. What is i(13)?
-6
Let z(l) = -34*l**2 - 394*l - 377. What is z(-11)?
-157
Let p(v) = -23040*v - 133. What is p(0)?
-133
Let u(p) = -73*p**3 + 7*p**2 - 12*p - 5. What is u(3)?
-1949
Let o(t) = 288669*t + 15010802. What is o(-52)?
14
Let a(u) = 72*u**2 + 1435*u + 54. Calculate a(-20).
154
Let p(d) = -716258*d - 1432511. Give p(-2).
5
Let